.
4
Suppose 0 = -8*d + 1429 + 755. Let q = -26 - -39. Calculate the greatest common factor of d and q.
13
Let f be (-1*2586/(-12))/(4/(-8)). Let w = f + 475. What is the greatest common factor of w and 121?
11
Suppose -21 - 4 = 5*u. Let x be 0 - (3/(-15) + 49/u). Suppose -c - c = -x. Calculate the highest common factor of c and 5.
5
Suppose 107711 = -220*a + 184123 + 527048. What is the greatest common divisor of a and 52?
13
Let x = 451 + -275. Let r(b) = -b + 8. Let g be r(4). Suppose -5*n + 62 = 5*k - 8, 3*k = -g*n + 58. What is the greatest common factor of x and n?
16
Suppose 3*f - f - 14 = 0. Suppose -5*u + 5*b = 3*b - f, 0 = -4*b + 16. Suppose -4*z = 19 - 3, i - u*z = 25. What is the greatest common factor of i and 91?
13
Let s be ((-15)/(-4))/(-3 + 365/120). Suppose -19*a = -24*a + s. Calculate the greatest common divisor of a and 72.
18
Let l(h) = 160*h - 1952. Let p be l(13). What is the greatest common factor of 7744 and p?
64
Let t = 914 + 969. Calculate the greatest common factor of 7 and t.
7
Suppose 5*j = -5*d + 310, 96*j + d = 92*j + 236. What is the highest common divisor of 899 and j?
29
Let z(k) = k**3 - 11*k**2 + 17*k + 27. Let g be z(10). Suppose -5*y = -4*y + 2*b - 118, -y = -5*b - g. What is the greatest common factor of 42 and y?
14
Let f = 125 - 121. Suppose 53 + 115 = f*r. Let i(b) = 26*b - 4. Let o be i(5). Calculate the greatest common factor of r and o.
42
Suppose -13*d + 15*d = -358. Let c = -95 - d. Calculate the greatest common divisor of 105 and c.
21
Let n be 252*12/336*203. What is the highest common divisor of n and 435?
87
Suppose 155 - 75 = -2*l. Let d = 14 - l. What is the greatest common factor of 72 and d?
18
Suppose -2215 = -3*p - 5*k, 5*k - 276 = -5*p + 3399. What is the highest common divisor of p and 30?
10
Suppose 851460 = 138*j - 103*j + 143095. Calculate the greatest common factor of j and 37.
37
Suppose 3*l - 5*x = 740, -679 = -3*l + x + 69. Calculate the highest common divisor of l and 130.
10
Let f = 15751 - 15699. Calculate the greatest common divisor of 559 and f.
13
Let v(c) = 34*c - 164. Let m = -112 - -118. Let p be v(m). Calculate the highest common divisor of p and 300.
20
Let f(n) = -10*n**2 + 15*n - 40. Let l be f(4). Let k = l - -186. What is the greatest common factor of 115 and k?
23
Suppose 3*b = 5*f + 1, -4*b = -6*b + 5*f - 6. Suppose -82 = -b*y + 548. What is the greatest common divisor of 54 and y?
18
Suppose -4*k = -p + 8, -10*k - 22 = -2*p - 12. What is the highest common factor of p and 485?
5
Let j(p) = -p + 26. Let m be j(22). Suppose -4*v + 2 = -4*s - 2, -m*v = 4*s + 20. Let l = s - -32. What is the greatest common factor of 29 and l?
29
Suppose 0 = -5*k + 2*t + 7508, -5*k + 1255 = 2*t - 6277. What is the greatest common divisor of k and 32?
32
Let r = 2320 - 2316. Suppose 7*j - 726 = -4*j. What is the highest common factor of j and r?
2
Suppose -3*i + 1404 = 4*g, -g - 26*i + 22*i + 338 = 0. What is the greatest common divisor of g and 1888?
118
Let h(w) = w**2 - 9*w - 34. Let r be h(24). Let x = r + -322. What is the greatest common divisor of 32 and x?
4
Let d(t) = t**2 + 3*t - 21. Let j = -126 - -118. Let l be d(j). Suppose -4*n + 855 = n. What is the greatest common divisor of l and n?
19
Suppose 18*x = 19*x + 12. Let n = 78 - 12. Let u be (2*3/x)/((-3)/n). What is the highest common divisor of u and 44?
11
Let j be (3/1 - 4)*(-4940)/(15/3). What is the highest common factor of 152 and j?
76
Let r = 27 - 31. Let k be 280 - (-5 + (-2 - r/2)). Calculate the highest common factor of 45 and k.
15
Let m(i) = -8*i - 16*i + 7*i - 17. Let z be m(-9). Suppose -z = -3*w + 128. Calculate the highest common factor of 8 and w.
8
Suppose -516 - 56 = -22*x. What is the greatest common factor of 533 and x?
13
Let n = 39 - 30. Suppose -n*o = -10*o + 210. Suppose -26*u + 30*u - 120 = 0. Calculate the greatest common factor of o and u.
30
Suppose 3*y + 5*v = 103, 0 = -2*y + 5*v + 35 - 8. Let o be 1 - (-5 - -3) - ((-133)/(-19) - -7). Let g = o + y. What is the highest common divisor of g and 20?
5
Suppose -2*g = 5*j - 79, 0 = -g - 11*j + 8*j + 44. What is the highest common factor of g and 28424?
17
Let g(q) = 4*q + 37. Let z be (7 + -10)*5*-1. Let d be g(z). Let l = -63 + d. What is the greatest common factor of l and 238?
34
Let p be (-1320)/44*(-22)/4. What is the highest common factor of 1452 and p?
33
Let i be (298/(-1341))/((-2)/72). Calculate the greatest common divisor of 4328 and i.
8
Suppose 3*h - 157 = -5*i - 7, -60 = -2*i + 2*h. Let r(y) = 599*y + 6613. Let u be r(-11). What is the highest common factor of u and i?
6
Suppose 0 = -5*m - 10*m - 195. Let z(v) = -v**2 - 18*v + 12. Let j be z(m). What is the greatest common divisor of 21 and j?
7
Let u be (-3)/6 + (-65)/(-2). Suppose -4*x - 75 - 1085 = 0. Let p = -274 - x. What is the greatest common divisor of p and u?
16
Let x be 80/12*12/16. Suppose t - 2*g = 219, -x*t + 3*g + 395 = -707. Calculate the highest common factor of 51 and t.
17
Let t be 252/(-96)*-8 - -23. Calculate the highest common factor of 5885 and t.
11
Suppose 2*l = -2, -10*l - 6 = -4*y - 8*l. What is the highest common divisor of 163 and y?
1
Suppose -25*j = 32*j - 25296 + 6201. Calculate the highest common factor of j and 45.
5
Let u(i) = 12*i - 58. Let c be u(5). Suppose -4*o = 5*j - 1908, -c*j - 594 = -o - 117. What is the greatest common factor of 9 and o?
9
Let s(c) = -c**2 - 20*c - 66. Let w be s(-17). Let u = -10 - w. Calculate the greatest common divisor of 160 and u.
5
Suppose -16*g = -2332 + 1420. What is the highest common divisor of g and 304?
19
Let i(t) be the first derivative of -t**2 + 56*t + 18. Let g be i(16). What is the greatest common divisor of g and 264?
24
Let v(g) = -357*g + 1730. Let x be v(-5). What is the highest common divisor of x and 95?
95
Suppose -37*b + 28*b - 36 = 0. Let h be (1 - b) + -10 + 29. Calculate the greatest common factor of 40 and h.
8
Let z(a) = 50*a - 187. Let y be z(5). Suppose -4*k + u + 4 = -y, -3*k - u = -45. Calculate the highest common divisor of 52 and k.
4
Let w be (-1077 + 2)/(13/(-26)). What is the greatest common factor of 516 and w?
86
Let c = -3292 + 5352. Calculate the greatest common divisor of 20 and c.
20
Let j = 106 - 105. Let c be j/(-5) - (380/(-25) + -5). Let o(z) = -z**2 + 22*z - 25. Let p be o(c). Calculate the greatest common divisor of p and 30.
15
Let n = -12 + 14. Suppose -b - 3*b + 48 = -n*y, b - 3*y - 12 = 0. Let z = -9 - -57. What is the greatest common factor of z and b?
12
Let n = -5407 - -5411. Calculate the greatest common divisor of 82 and n.
2
Suppose 4*i - 5144 = -5*m, 2*i - 844 - 1702 = 4*m. What is the highest common factor of i and 168?
21
Let o be (-3)/(105/(-14)) - 3332/(-20). Let x = o - 87. Calculate the greatest common factor of x and 180.
20
Suppose 25*o = 24*o + 4. Calculate the greatest common factor of 428 and o.
4
Let f = -16 + 18. Suppose 4*a - 2*a - 8 = 0. Suppose -a*d + 12 = -3*p + p, -f*p = -d + 3. Calculate the highest common divisor of d and 27.
3
Let a = -86 - -136. Let m be 3 + 9*(-4)/(-3). Let y = m + a. Calculate the highest common divisor of y and 26.
13
Let o = 697 - 690. Suppose o*j + 10948 = 30*j. What is the highest common factor of 68 and j?
68
Let i(j) be the third derivative of j**5/30 - j**4/12 - 7*j**3 + j**2 - 8*j. Let s be i(-5). What is the greatest common divisor of 72 and s?
18
Suppose -5*o = 3*b + 1312, -5*o + 9*o = 4*b + 1696. Let n = 488 + b. Calculate the highest common divisor of 944 and n.
59
Let x = -293 - -292. Let d be x + 2493/12 + 7/28. What is the highest common factor of 46 and d?
23
Suppose 2*y = 5*t + 401, -t = -4*y + 191 + 602. Let p = 261 - 228. Calculate the greatest common factor of y and p.
33
Let p = -4497 - -4581. Calculate the highest common divisor of 952 and p.
28
Suppose -52*x - 5*s = -55*x + 5111, x - 5*s = 1707. What is the highest common divisor of x and 444?
74
Let u be (1449/5 - 18/(-15))*13/1. Calculate the greatest common divisor of 52 and u.
13
Suppose 3*i - 5*p - 327 = 0, 2*i - 133 = 2*p + 81. Let h be 2*(-5)/(-2)*(-2024)/(-1265). Calculate the highest common divisor of i and h.
8
Let v = 10751 - 10566. Calculate the greatest common divisor of 105 and v.
5
Let g(d) = d**2 + 33*d - 457. Let n be g(-